127 is divided by 173?
169
What is the remainder when 454 is divided by 143?
25
What is the remainder when 463 is divided by 54?
31
What is the remainder when 860 is divided by 216?
212
What is the remainder when 257 is divided by 57?
29
Calculate the remainder when 167 is divided by 28.
27
What is the remainder when 482 is divided by 99?
86
What is the remainder when 336 is divided by 57?
51
What is the remainder when 52 is divided by 26?
0
What is the remainder when 136 is divided by 28?
24
What is the remainder when 119 is divided by 11?
9
Calculate the remainder when 240 is divided by 49.
44
Calculate the remainder when 1033 is divided by 337.
22
Calculate the remainder when 435 is divided by 410.
25
Calculate the remainder when 3260 is divided by 19.
11
Calculate the remainder when 373 is divided by 92.
5
What is the remainder when 25 is divided by 20?
5
What is the remainder when 914 is divided by 54?
50
What is the remainder when 38 is divided by 3?
2
What is the remainder when 213 is divided by 29?
10
What is the remainder when 74 is divided by 5?
4
What is the remainder when 73 is divided by 25?
23
Calculate the remainder when 431 is divided by 147.
137
Calculate the remainder when 144 is divided by 59.
26
What is the remainder when 56 is divided by 20?
16
Calculate the remainder when 148 is divided by 43.
19
Calculate the remainder when 225 is divided by 49.
29
Calculate the remainder when 693 is divided by 2.
1
What is the remainder when 2817 is divided by 10?
7
What is the remainder when 151 is divided by 109?
42
Calculate the remainder when 297 is divided by 124.
49
Calculate the remainder when 184 is divided by 42.
16
Calculate the remainder when 6998 is divided by 200.
198
What is the remainder when 107 is divided by 52?
3
Calculate the remainder when 947 is divided by 68.
63
Calculate the remainder when 424 is divided by 9.
1
What is the remainder when 1083 is divided by 136?
131
Calculate the remainder when 2052 is divided by 680.
12
Calculate the remainder when 3126 is divided by 136.
134
What is the remainder when 123 is divided by 28?
11
Calculate the remainder when 193 is divided by 18.
13
Calculate the remainder when 569 is divided by 22.
19
What is the remainder when 452 is divided by 11?
1
What is the remainder when 514 is divided by 12?
10
Calculate the remainder when 142 is divided by 80.
62
What is the remainder when 164 is divided by 109?
55
Calculate the remainder when 216 is divided by 103.
10
Calculate the remainder when 586 is divided by 120.
106
Calculate the remainder when 974 is divided by 287.
113
What is the remainder when 1608 is divided by 14?
12
What is the remainder when 4317 is divided by 154?
5
What is the remainder when 534 is divided by 88?
6
Calculate the remainder when 348 is divided by 35.
33
Calculate the remainder when 280 is divided by 104.
72
Calculate the remainder when 362 is divided by 196.
166
Calculate the remainder when 10392 is divided by 19.
18
What is the remainder when 355 is divided by 191?
164
Calculate the remainder when 238 is divided by 48.
46
Calculate the remainder when 133 is divided by 18.
7
Calculate the remainder when 112 is divided by 40.
32
What is the remainder when 633 is divided by 7?
3
Calculate the remainder when 28 is divided by 13.
2
Calculate the remainder when 174 is divided by 45.
39
Calculate the remainder when 4909 is divided by 307.
304
Calculate the remainder when 23 is divided by 7.
2
What is the remainder when 229 is divided by 107?
15
What is the remainder when 540 is divided by 47?
23
What is the remainder when 223 is divided by 15?
13
What is the remainder when 16 is divided by 6?
4
Calculate the remainder when 5712 is divided by 9.
6
What is the remainder when 84 is divided by 32?
20
What is the remainder when 862 is divided by 6?
4
What is the remainder when 149 is divided by 77?
72
Calculate the remainder when 605 is divided by 138.
53
Calculate the remainder when 3474 is divided by 79.
77
Calculate the remainder when 528 is divided by 179.
170
What is the remainder when 587 is divided by 6?
5
Calculate the remainder when 67 is divided by 4.
3
What is the remainder when 529 is divided by 159?
52
What is the remainder when 282 is divided by 61?
38
Calculate the remainder when 37 is divided by 14.
9
Calculate the remainder when 2086 is divided by 36.
34
Calculate the remainder when 661 is divided by 647.
14
Calculate the remainder when 1138 is divided by 23.
11
Calculate the remainder when 1567 is divided by 516.
19
Calculate the remainder when 8059 is divided by 155.
154
Calculate the remainder when 2422 is divided by 800.
22
What is the remainder when 3191 is divided by 41?
34
What is the remainder when 16847 is divided by 19?
13
Calculate the remainder when 441 is divided by 76.
61
Calculate the remainder when 2797 is divided by 5.
2
Calculate the remainder when 98 is divided by 42.
14
Calculate the remainder when 996 is divided by 207.
168
Calculate the remainder when 31767 is divided by 94.
89
What is the remainder when 1427 is divided by 284?
7
What is the remainder when 284 is divided by 95?
94
Calculate the remainder when 127 is divided by 33.
28
What is the remainder when 255 is divided by 150?
105
What is the remainder when 1022 is divided by 27?
23
Calculate the remainder when 277 is divided by 10.
7
Calculate the remainder when 475 is divided by 41.
24
Calculate the remainder when 76 is divided by 9.
4
What is the remainder when 1580 is divided by 36?
32
What is the remainder when 5464 is divided by 7?
4
What is the remainder when 24669 is divided by 15?
9
What is the remainder when 29 is divided by 17?
12
What is the remainder when 2916 is divided by 21?
18
Calculate the remainder when 1943 is divided by 195.
188
Calculate the remainder when 1493 is divided by 68.
65
Calculate the remainder when 173 is divided by 44.
41
What is the remainder when 561 is divided by 67?
25
What is the remainder when 1526 is divided by 10?
6
Calculate the remainder when 37 is divided by 23.
14
Calculate the remainder when 481 is divided by 120.
1
Calculate the remainder when 595 is divided by 192.
19
Calculate the remainder when 73 is divided by 1.
0
What is the remainder when 22 is divided by 13?
9
Calculate the remainder when 196 is divided by 96.
4
Calculate the remainder when 478 is divided by 40.
38
Calculate the remainder when 760 is divided by 5.
0
What is the remainder when 154 is divided by 109?
45
Calculate the remainder when 746 is divided by 47.
41
What is the remainder when 706 is divided by 247?
212
Calculate the remainder when 355 is divided by 96.
67
What is the remainder when 949 is divided by 35?
4
Calculate the remainder when 196 is divided by 34.
26
Calculate the remainder when 11157 is divided by 62.
59
Calculate the remainder when 312 is divided by 15.
12
Calculate the remainder when 319 is divided by 14.
11
What is the remainder when 191 is divided by 64?
63
Calculate the remainder when 1186 is divided by 36.
34
Calculate the remainder when 606 is divided by 602.
4
What is the remainder when 769 is divided by 22?
21
Calculate the remainder when 204 is divided by 182.
22
Calculate the remainder when 27 is divided by 18.
9
Calculate the remainder when 409 is divided by 256.
153
Calculate the remainder when 3679 is divided by 184.
183
Calculate the remainder when 293 is divided by 100.
93
Calculate the remainder when 3815 is divided by 20.
15
Calculate the remainder when 42 is divided by 12.
6
Calculate the remainder when 1277 is divided by 71.
70
Calculate the remainder when 557 is divided by 118.
85
Calculate the remainder when 382 is divided by 141.
100
Calculate the remainder when 212 is divided by 93.
26
What is the remainder when 198 is divided by 13?
3
Calculate the remainder when 167 is divided by 138.
29
Calculate the remainder when 349 is divided by 114.
7
Calculate the remainder when 14346 is divided by 92.
86
What is the remainder when 8299 is divided by 19?
15
Calculate the remainder when 565 is divided by 455.
110
What is the remainder when 2247 is divided by 26?
11
What is the remainder when 3137 is divided by 43?
41
Calculate the remainder when 1284 is divided by 341.
261
What is the remainder when 768 is divided by 